digit of 807813152?
0
What is the hundreds digit of 1596870861?
8
What is the millions digit of 179600348?
9
What is the ten thousands digit of 1825960120?
6
What is the millions digit of 3497513290?
7
What is the hundreds digit of 35583917?
9
What is the hundreds digit of 104514772?
7
What is the ten millions digit of 94104060?
9
What is the hundred millions digit of 518120031?
5
What is the ten thousands digit of 20825754?
2
What is the thousands digit of 40409402?
9
What is the hundred millions digit of 1661252608?
6
What is the thousands digit of 684189594?
9
What is the hundred thousands digit of 841511731?
5
What is the billions digit of 1040566280?
1
What is the ten millions digit of 465163091?
6
What is the tens digit of 114732214?
1
What is the ten millions digit of 155046494?
5
What is the tens digit of 5071043758?
5
What is the hundreds digit of 375251361?
3
What is the units digit of 161582039?
9
What is the tens digit of 45427298?
9
What is the thousands digit of 103486783?
6
What is the millions digit of 3509690317?
9
What is the units digit of 703983800?
0
What is the hundred millions digit of 643119149?
6
What is the hundred millions digit of 105892860?
1
What is the units digit of 149553384?
4
What is the thousands digit of 1283553749?
3
What is the ten millions digit of 8072075256?
7
What is the tens digit of 200384873?
7
What is the units digit of 141863472?
2
What is the ten thousands digit of 2228000122?
0
What is the thousands digit of 2980671?
0
What is the billions digit of 3753440621?
3
What is the thousands digit of 892042700?
2
What is the ten millions digit of 20945425?
2
What is the units digit of 158014711?
1
What is the ten millions digit of 452295538?
5
What is the hundred millions digit of 590194905?
5
What is the ten thousands digit of 109593758?
9
What is the thousands digit of 16407808?
7
What is the millions digit of 81899050?
1
What is the tens digit of 1454780198?
9
What is the hundreds digit of 35647281?
2
What is the tens digit of 203071211?
1
What is the hundreds digit of 621417015?
0
What is the thousands digit of 4795845936?
5
What is the billions digit of 1213519638?
1
What is the units digit of 5701634019?
9
What is the hundred millions digit of 401864597?
4
What is the thousands digit of 5501729307?
9
What is the ten thousands digit of 532395918?
9
What is the tens digit of 2491098397?
9
What is the tens digit of 108923906?
0
What is the thousands digit of 4398074?
8
What is the ten thousands digit of 41793904?
9
What is the hundreds digit of 30094944?
9
What is the hundreds digit of 1216089469?
4
What is the thousands digit of 1501157666?
7
What is the units digit of 219957485?
5
What is the ten millions digit of 357265919?
5
What is the hundred millions digit of 191751395?
1
What is the units digit of 50675624?
4
What is the millions digit of 727401261?
7
What is the tens digit of 543638905?
0
What is the ten thousands digit of 1092633641?
3
What is the millions digit of 101005777?
1
What is the hundred thousands digit of 181272531?
2
What is the units digit of 1830759?
9
What is the ten millions digit of 31253095?
3
What is the ten millions digit of 3452481096?
5
What is the units digit of 987564106?
6
What is the units digit of 156175946?
6
What is the ten millions digit of 107454755?
0
What is the millions digit of 381909884?
1
What is the ten millions digit of 329232684?
2
What is the hundred millions digit of 757679852?
7
What is the billions digit of 1690336726?
1
What is the thousands digit of 82130874?
0
What is the thousands digit of 315166738?
6
What is the thousands digit of 53993113?
3
What is the units digit of 68666418?
8
What is the millions digit of 2500088702?
0
What is the hundreds digit of 2833778609?
6
What is the ten thousands digit of 5020287?
2
What is the tens digit of 9765455?
5
What is the millions digit of 362617229?
2
What is the units digit of 573132356?
6
What is the hundred thousands digit of 1138296858?
2
What is the tens digit of 245669144?
4
What is the thousands digit of 2271413338?
3
What is the hundred millions digit of 1503442287?
5
What is the tens digit of 100479695?
9
What is the hundred thousands digit of 68429583?
4
What is the tens digit of 336795172?
7
What is the ten millions digit of 476711522?
7
What is the hundreds digit of 174705635?
6
What is the tens digit of 1198853950?
5
What is the billions digit of 1897311835?
1
What is the tens digit of 287448709?
0
What is the hundred millions digit of 155057699?
1
What is the millions digit of 1651247101?
1
What is the millions digit of 539948443?
9
What is the tens digit of 199934073?
7
What is the hundred thousands digit of 152141911?
1
What is the hundreds digit of 4919330497?
4
What is the tens digit of 10173212?
1
What is the hundred thousands digit of 1005752940?
7
What is the thousands digit of 98448675?
8
What is the hundred thousands digit of 291233529?
2
What is the units digit of 1090964063?
3
What is the ten millions digit of 77945322?
7
What is the hundred millions digit of 4000902044?
0
What is the hundreds digit of 1004140463?
4
What is the units digit of 46924936?
6
What is the ten thousands digit of 4061452949?
5
What is the hundred thousands digit of 593607?
5
What is the thousands digit of 3386380992?
0
What is the tens digit of 63942385?
8
What is the units digit of 4021365138?
8
What is the millions digit of 13518660?
3
What is the hundred thousands digit of 2609291551?
2
What is the units digit of 107414083?
3
What is the ten millions digit of 348876127?
4
What is the units digit of 378791910?
0
What is the thousands digit of 7471609593?
9
What is the ten millions digit of 36541290?
3
What is the hundred millions digit of 2136357724?
1
What is the ten millions digit of 425146072?
2
What is the thousands digit of 248189690?
9
What is the ten millions digit of 61429860?
6
What is the hundreds digit of 358803149?
1
What is the units digit of 431917384?
4
What is the thousands digit of 35688347?
8
What is the ten millions digit of 444175378?
4
What is the hundred thousands digit of 17487439?
4
What is the units digit of 69112304?
4
What is the hundred thousands digit of 78847910?
8
What is the millions digit of 31606615?
1
What is the hundred thousands digit of 373967882?
9
What is the millions digit of 84652814?
4
What is the thousands digit of 63470600?
0
What is the units digit of 30675408?
8
What is the ten millions digit of 646261308?
4
What is the ten thousands digit of 220868134?
6
What is the units digit of 89527266?
6
What is the units digit of 1625451490?
0
What is the hundred thousands digit of 331319297?
3
What is the thousands digit of 34311779?
1
What is the units digit of 249191268?
8
What is the tens digit of 138780887?
8
What is the ten thousands digit of 8855099?
5
What is the ten millions digit of 1263946845?
6
What is the tens digit of 41726328?
2
What is the ten millions digit of 92827689?
9
What is the thousands digit of 36484394?
4
What is the ten millions digit of 71111788?
7
What is the hundreds digit of 22986392?
3
What is the hundreds digit of 1222353950?
9
What is the hundred thousands digit of 2597172552?
1
What is the thousands digit of 943023096?
3
What is the millions digit of 1291087055?
1
What is the hundred thousands digit of 239367677?
3
What is the billions digit of 7580113997?
7
What is the millions digit of 5121226333?
1
What is the hundred thousands digit of 103851195?
8
What is the ten thousands digit of 374119771?
1
What is the ten thousands digit of 4612345?
1
What is the hundreds digit of 1963772588?
5
What is the ten thousands digit of 5898341766?
4
What is the hundred thousands digit of 30541154?
5
What is the ten millions digit of 47601575?
4
What is the ten thousands digit of 534373042?
7
What is the ten thousands digit of 738514367?
1
What is the hundreds digit of 3116800839?
8
What is the millions digit of 33127524?
3
What is the hundred millions digit of 574825681?
5
What is the units digit of 29165266?
6
What is the tens digit of 1018746979?
7
What is the ten thousands digit of 899163128?
6
What is the ten thousands digit of 141953696?
5
What is the hundred thousands digit of 147523166?
5
What is the units digit of 1307818598?
8
W